{"id":2405,"date":"2023-02-20T13:57:18","date_gmt":"2023-02-20T12:57:18","guid":{"rendered":"http:\/\/dev.schlossmespelbrunn.de\/?page_id=2405"},"modified":"2023-08-20T15:16:13","modified_gmt":"2023-08-20T13:16:13","slug":"hochzeiten","status":"publish","type":"page","link":"https:\/\/www.schloss-mespelbrunn.de\/en\/hochzeiten\/","title":{"rendered":"Wedding"},"content":{"rendered":"<p>[et_pb_section fb_built=&#8220;1&#8243; _builder_version=&#8220;4.20.2&#8243; _module_preset=&#8220;default&#8220; background_color=&#8220;RGBA(255,255,255,0)&#8220; background_enable_image=&#8220;off&#8220; custom_margin=&#8220;0px||0px||false|false&#8220; custom_padding=&#8220;50px||50px||false|false&#8220; background_last_edited=&#8220;off|tablet&#8220; background_enable_image_tablet=&#8220;off&#8220; background_enable_pattern_style_tablet=&#8220;on&#8220; background_enable_pattern_style_phone=&#8220;on&#8220; background_pattern_style_tablet=&#8220;scallops&#8220; background_pattern_style_phone=&#8220;scallops&#8220; global_colors_info=&#8220;{}&#8220;][et_pb_row _builder_version=&#8220;4.20.0&#8243; _module_preset=&#8220;default&#8220; background_color=&#8220;#02432a&#8220; background_enable_image=&#8220;off&#8220; width=&#8220;90%&#8220; height=&#8220;100%&#8220; custom_margin=&#8220;25px||25px||false|false&#8220; custom_padding=&#8220;100px|50px|100px|50px|false|false&#8220; border_color_all=&#8220;#FFFFFF&#8220; box_shadow_style=&#8220;preset1&#8243; global_colors_info=&#8220;{}&#8220;][et_pb_column type=&#8220;4_4&#8243; _builder_version=&#8220;4.19.2&#8243; _module_preset=&#8220;default&#8220; global_colors_info=&#8220;{}&#8220;][et_pb_text module_id=&#8220;hero-mespel-sub&#8220; _builder_version=&#8220;4.20.2&#8243; _module_preset=&#8220;default&#8220; text_font=&#8220;Verdana||||||||&#8220; text_text_color=&#8220;#ffffff&#8220; header_font=&#8220;almendra||||||||&#8220; header_text_color=&#8220;#EDD5B2&#8243; header_font_size=&#8220;45px&#8220; header_3_text_color=&#8220;#EDD5B2&#8243; text_orientation=&#8220;center&#8220; custom_padding=&#8220;20px||20px||false|false&#8220; custom_css_main_element=&#8220;font-size: calc(20pt + 2vw)&#8220; global_colors_info=&#8220;{}&#8220;]<\/p>\n<h1>TRAUUNG<\/h1>\n<h3>IM SCHLOSS MESPELBRUNN<\/h3>\n<p>[\/et_pb_text][et_pb_text module_id=&#8220;info-text&#8220; _builder_version=&#8220;4.20.0&#8243; _module_preset=&#8220;default&#8220; text_text_color=&#8220;#FFFFFF&#8220; text_orientation=&#8220;center&#8220; global_colors_info=&#8220;{}&#8220;]<\/p>\n<p>Sie k\u00f6nnen sich sowohl standesamtlich im<br \/>Schloss Mespelbrunn, als auch kirchlich in<br \/>der privaten Basilika Maria Schnee nahe des<br \/>Schlosses trauen lassen.<\/p>\n<p>[\/et_pb_text][\/et_pb_column][\/et_pb_row][et_pb_row column_structure=&#8220;1_2,1_2&#8243; make_equal=&#8220;on&#8220; _builder_version=&#8220;4.20.0&#8243; _module_preset=&#8220;default&#8220; background_color=&#8220;#02432a&#8220; background_enable_image=&#8220;off&#8220; width=&#8220;90%&#8220; height=&#8220;100%&#8220; custom_margin=&#8220;25px||25px||false|false&#8220; custom_padding=&#8220;50px|50px|50px|50px|false|false&#8220; custom_css_main_element=&#8220;align-items:center;&#8220; border_color_all=&#8220;#FFFFFF&#8220; box_shadow_style=&#8220;preset1&#8243; global_colors_info=&#8220;{}&#8220;][et_pb_column type=&#8220;1_2&#8243; _builder_version=&#8220;4.19.5&#8243; _module_preset=&#8220;default&#8220; global_colors_info=&#8220;{}&#8220;][et_pb_image src=&#8220;https:\/\/www.schloss-mespelbrunn.de\/wp-content\/uploads\/2023\/02\/Unbenannt_out.png&#8220; title_text=&#8220;Unbenannt_out&#8220; _builder_version=&#8220;4.20.0&#8243; _module_preset=&#8220;default&#8220; global_colors_info=&#8220;{}&#8220;][\/et_pb_image][\/et_pb_column][et_pb_column type=&#8220;1_2&#8243; _builder_version=&#8220;4.19.5&#8243; _module_preset=&#8220;default&#8220; global_colors_info=&#8220;{}&#8220;][et_pb_text module_id=&#8220;h3-info&#8220; _builder_version=&#8220;4.20.0&#8243; _module_preset=&#8220;default&#8220; text_text_color=&#8220;#EDD5B2&#8243; header_text_color=&#8220;#EDD5B2&#8243; header_3_text_color=&#8220;#EDD5B2&#8243; global_colors_info=&#8220;{}&#8220;]<\/p>\n<h3>Trauung in der<br \/>\nKapelle &#8222;Maria Schnee&#8220;<\/h3>\n<p>[\/et_pb_text][et_pb_text module_id=&#8220;info-text&#8220; _builder_version=&#8220;4.20.2&#8243; _module_preset=&#8220;default&#8220; text_text_color=&#8220;#FFFFFF&#8220; text_orientation=&#8220;justified&#8220; global_colors_info=&#8220;{}&#8220;]<\/p>\n<p>Die im Jahr 1874 von Seiner Exzellenz Friedrich Damian Reichsgraf von Ingelheim erbaute Kapelle \u201eMaria Schnee\u201c wurde 2008 mit Hilfe privater Spender wie auch des Preisgelds der Unterfr\u00e4nkischen Kulturstiftung hervorragend restauriert.<br \/>Bis zu <strong>65 Personen<\/strong> k\u00f6nnen darin Platz nehmen. In Abstimmung mit dem \u00f6rtlichen Pfarramt k\u00f6nnen sowohl <strong>katholische, wie auch \u00f6kumenische Trauungen<\/strong> vollzogen werden.<\/p>\n<p>F\u00fcr Brautpaar und G\u00e4ste sind bis zu <strong>zwei Gruppenf\u00fchrungen<\/strong> im Schloss inklusive.<br \/>Es hat sich bew\u00e4hrt, wenn das Brautpaar ungest\u00f6rt im Anschluss an die Trauung Fotos machen m\u00f6chte, w\u00e4hrend die G\u00e4ste bei einer Schlossf\u00fchrung unterhalten werden.<\/p>\n<p>[\/et_pb_text][et_pb_text module_id=&#8220;info-text&#8220; _builder_version=&#8220;4.20.0&#8243; _module_preset=&#8220;default&#8220; text_text_color=&#8220;#FFFFFF&#8220; global_colors_info=&#8220;{}&#8220;][\/et_pb_text][\/et_pb_column][\/et_pb_row][et_pb_row _builder_version=&#8220;4.20.0&#8243; _module_preset=&#8220;default&#8220; background_color=&#8220;#02432a&#8220; background_enable_image=&#8220;off&#8220; width=&#8220;90%&#8220; height=&#8220;100%&#8220; custom_margin=&#8220;25px||25px||false|false&#8220; custom_padding=&#8220;50px|50px|50px|50px|false|false&#8220; custom_css_main_element=&#8220;align-items:center;&#8220; border_color_all=&#8220;#FFFFFF&#8220; box_shadow_style=&#8220;preset1&#8243; global_colors_info=&#8220;{}&#8220;][et_pb_column type=&#8220;4_4&#8243; _builder_version=&#8220;4.19.5&#8243; _module_preset=&#8220;default&#8220; global_colors_info=&#8220;{}&#8220;][et_pb_text module_id=&#8220;h3-info&#8220; _builder_version=&#8220;4.20.0&#8243; _module_preset=&#8220;default&#8220; text_text_color=&#8220;#EDD5B2&#8243; header_text_color=&#8220;#EDD5B2&#8243; header_3_text_color=&#8220;#EDD5B2&#8243; global_colors_info=&#8220;{}&#8220;]<\/p>\n<h3>Trauung im Schloss Mespelbrunn<\/h3>\n<p>[\/et_pb_text][et_pb_image src=&#8220;https:\/\/www.schloss-mespelbrunn.de\/wp-content\/uploads\/2023\/03\/trauraum_out-scaled.jpg&#8220; title_text=&#8220;trauraum_out&#8220; _builder_version=&#8220;4.20.2&#8243; _module_preset=&#8220;default&#8220; custom_margin=&#8220;0px||0px||false|false&#8220; hover_enabled=&#8220;0&#8243; global_colors_info=&#8220;{}&#8220; sticky_enabled=&#8220;0&#8243;][\/et_pb_image][et_pb_text _builder_version=&#8220;4.20.0&#8243; _module_preset=&#8220;default&#8220; text_text_color=&#8220;#707070&#8243; custom_margin=&#8220;0px||0px||false|false&#8220; custom_padding=&#8220;0px||0px||false|false&#8220; global_colors_info=&#8220;{}&#8220;]<\/p>\n<p style=\"text-align: left;\">Trauraum im Schloss Mespelbrunn<\/p>\n<p>[\/et_pb_text][et_pb_text module_id=&#8220;info-text&#8220; _builder_version=&#8220;4.20.2&#8243; _module_preset=&#8220;default&#8220; text_text_color=&#8220;#FFFFFF&#8220; header_3_text_color=&#8220;#EDD5B2&#8243; text_orientation=&#8220;justified&#8220; custom_margin=&#8220;20px||||false|false&#8220; global_colors_info=&#8220;{}&#8220;]<\/p>\n<h3>Informationen<\/h3>\n<p>F\u00fcr das Brautpaar und seine G\u00e4ste ist eine <strong>F\u00fchrung durch das Schloss<\/strong> vor oder im Anschluss an die Trauung inklusive. Im Schloss liegt die maximale Personenanzahl im Trauraum bei ca. <strong>25 Personen<\/strong>.<br \/>Sollte die Gesellschaft gr\u00f6\u00dfer sein, ist es m\u00f6glich eine zus\u00e4tzliche F\u00fchrung zu buchen.<br \/><span>Gerne darf einer Ihrer G\u00e4ste f\u00fcr Sie auf dem Fl\u00fcgel spielen.<\/span><br \/>Auf dem Schlossgel\u00e4nde befindet sich das <strong>Caf\u00e9 Pferdestall<\/strong>, wo Sie herzlich willkommen sind, einen <strong>Sektempfang<\/strong> abzuhalten.<br \/>Zu Ihrer Hochzeit sorgt Gr\u00e4fin Ingelheim pers\u00f6nlich f\u00fcr den Blumenschmuck.<\/p>\n<p>Wenn Sie noch ein paar Tage bei uns bleiben m\u00f6chten, steht unser <strong>M\u00fchlenh\u00e4uschen<\/strong> f\u00fcr Sie bereit.<br \/>Kachelofen, Einbauk\u00fcche, kleine Terrasse und die romantische Lage direkt am Wasser werden Sie begeistern.<\/p>\n<p>Wir freuen uns auf Ihren Besuch und \u00fcber Ihr Interesse!<\/p>\n<p>Gr\u00e4flich Ingelheim-Echter\u00b4sche<br \/>Schlossverwaltung<\/p>\n<p>[\/et_pb_text][et_pb_text module_id=&#8220;info-text&#8220; _builder_version=&#8220;4.20.0&#8243; _module_preset=&#8220;default&#8220; text_text_color=&#8220;#FFFFFF&#8220; header_3_text_color=&#8220;#EDD5B2&#8243; header_4_text_color=&#8220;#EDD5B2&#8243; custom_margin=&#8220;20px||2px||false|false&#8220; global_colors_info=&#8220;{}&#8220;]<\/p>\n<h4>Informationen als Download:<\/h4>\n<p>[\/et_pb_text][et_pb_button button_url=&#8220;\/wp-content\/uploads\/2023\/02\/Trauung-im-Schloss-Mespelbrunn-1.pdf&#8220; button_text=&#8220;Download&#8220; button_alignment=&#8220;left&#8220; _builder_version=&#8220;4.20.0&#8243; _module_preset=&#8220;default&#8220; custom_button=&#8220;on&#8220; button_text_color=&#8220;#7c866b&#8220; button_border_color=&#8220;#f4e7d6&#8243; button_icon=&#8220;&#x3b;||divi||400&#8243; custom_margin=&#8220;||||false|false&#8220; custom_padding=&#8220;||||false|false&#8220; global_module=&#8220;2414&#8243; saved_tabs=&#8220;all&#8220; global_colors_info=&#8220;{}&#8220;][\/et_pb_button][\/et_pb_column][\/et_pb_row][\/et_pb_section]<\/p>\n","protected":false},"excerpt":{"rendered":"<p>TRAUUNG IM SCHLOSS MESPELBRUNNSie k\u00f6nnen sich sowohl standesamtlich imSchloss Mespelbrunn, als auch kirchlich inder privaten Basilika Maria Schnee nahe desSchlosses trauen lassen.Trauung in der Kapelle &#8222;Maria Schnee&#8220;Die im Jahr 1874 von Seiner Exzellenz Friedrich Damian Reichsgraf von Ingelheim erbaute Kapelle \u201eMaria Schnee\u201c wurde 2008 mit Hilfe privater Spender wie auch des Preisgelds der Unterfr\u00e4nkischen Kulturstiftung [&hellip;]<\/p>\n","protected":false},"author":1,"featured_media":0,"parent":0,"menu_order":0,"comment_status":"closed","ping_status":"closed","template":"","meta":{"_et_pb_use_builder":"on","_et_pb_old_content":"","_et_gb_content_width":"","footnotes":""},"class_list":["post-2405","page","type-page","status-publish","hentry"],"_links":{"self":[{"href":"https:\/\/www.schloss-mespelbrunn.de\/en\/wp-json\/wp\/v2\/pages\/2405","targetHints":{"allow":["GET"]}}],"collection":[{"href":"https:\/\/www.schloss-mespelbrunn.de\/en\/wp-json\/wp\/v2\/pages"}],"about":[{"href":"https:\/\/www.schloss-mespelbrunn.de\/en\/wp-json\/wp\/v2\/types\/page"}],"author":[{"embeddable":true,"href":"https:\/\/www.schloss-mespelbrunn.de\/en\/wp-json\/wp\/v2\/users\/1"}],"replies":[{"embeddable":true,"href":"https:\/\/www.schloss-mespelbrunn.de\/en\/wp-json\/wp\/v2\/comments?post=2405"}],"version-history":[{"count":15,"href":"https:\/\/www.schloss-mespelbrunn.de\/en\/wp-json\/wp\/v2\/pages\/2405\/revisions"}],"predecessor-version":[{"id":3169,"href":"https:\/\/www.schloss-mespelbrunn.de\/en\/wp-json\/wp\/v2\/pages\/2405\/revisions\/3169"}],"wp:attachment":[{"href":"https:\/\/www.schloss-mespelbrunn.de\/en\/wp-json\/wp\/v2\/media?parent=2405"}],"curies":[{"name":"wp","href":"https:\/\/api.w.org\/{rel}","templated":true}]}}

<p>[et_pb_section fb_built=&#8220;1&#8243; _builder_version=&#8220;4.20.2&#8243; _module_preset=&#8220;default&#8220; background_color=&#8220;RGBA(255,255,255,0)&#8220; background_enable_image=&#8220;off&#8220; custom_margin=&#8220;0px||0px||false|false&#8220; custom_padding=&#8220;50px||50px||false|false&#8220; background_last_edited=&#8220;off|tablet&#8220; background_enable_image_tablet=&#8220;off&#8220; background_enable_pattern_style_tablet=&#8220;on&#8220; background_enable_pattern_style_phone=&#8220;on&#8220; background_pattern_style_tablet=&#8220;scallops&#8220; background_pattern_style_phone=&#8220;scallops&#8220; global_colors_info=&#8220;{}&#8220;][et_pb_row _builder_version=&#8220;4.20.0&#8243; _module_preset=&#8220;default&#8220; background_color=&#8220;#02432a&#8220; background_enable_image=&#8220;off&#8220; width=&#8220;90%&#8220; height=&#8220;100%&#8220; custom_margin=&#8220;25px||25px||false|false&#8220; custom_padding=&#8220;100px|50px|100px|50px|false|false&#8220; border_color_all=&#8220;#FFFFFF&#8220; box_shadow_style=&#8220;preset1&#8243; global_colors_info=&#8220;{}&#8220;][et_pb_column type=&#8220;4_4&#8243; _builder_version=&#8220;4.19.2&#8243; _module_preset=&#8220;default&#8220; global_colors_info=&#8220;{}&#8220;][et_pb_text module_id=&#8220;hero-mespel-sub&#8220; _builder_version=&#8220;4.20.2&#8243; _module_preset=&#8220;default&#8220; text_font=&#8220;Verdana||||||||&#8220; text_text_color=&#8220;#ffffff&#8220; header_font=&#8220;almendra||||||||&#8220; header_text_color=&#8220;#EDD5B2&#8243; header_font_size=&#8220;45px&#8220; header_3_text_color=&#8220;#EDD5B2&#8243; text_orientation=&#8220;center&#8220; custom_padding=&#8220;20px||20px||false|false&#8220; custom_css_main_element=&#8220;font-size: calc(20pt + 2vw)&#8220; global_colors_info=&#8220;{}&#8220;]</p>
<h1>TRAUUNG</h1>
<h3>IM SCHLOSS MESPELBRUNN</h3>
<p>[/et_pb_text][et_pb_text module_id=&#8220;info-text&#8220; _builder_version=&#8220;4.20.0&#8243; _module_preset=&#8220;default&#8220; text_text_color=&#8220;#FFFFFF&#8220; text_orientation=&#8220;center&#8220; global_colors_info=&#8220;{}&#8220;]</p>
<p>Sie können sich sowohl standesamtlich im<br />Schloss Mespelbrunn, als auch kirchlich in<br />der privaten Basilika Maria Schnee nahe des<br />Schlosses trauen lassen.</p>
<p>[/et_pb_text][/et_pb_column][/et_pb_row][et_pb_row column_structure=&#8220;1_2,1_2&#8243; make_equal=&#8220;on&#8220; _builder_version=&#8220;4.20.0&#8243; _module_preset=&#8220;default&#8220; background_color=&#8220;#02432a&#8220; background_enable_image=&#8220;off&#8220; width=&#8220;90%&#8220; height=&#8220;100%&#8220; custom_margin=&#8220;25px||25px||false|false&#8220; custom_padding=&#8220;50px|50px|50px|50px|false|false&#8220; custom_css_main_element=&#8220;align-items:center;&#8220; border_color_all=&#8220;#FFFFFF&#8220; box_shadow_style=&#8220;preset1&#8243; global_colors_info=&#8220;{}&#8220;][et_pb_column type=&#8220;1_2&#8243; _builder_version=&#8220;4.19.5&#8243; _module_preset=&#8220;default&#8220; global_colors_info=&#8220;{}&#8220;][et_pb_image src=&#8220;https://www.schloss-mespelbrunn.de/wp-content/uploads/2023/02/Unbenannt_out.png&#8220; title_text=&#8220;Unbenannt_out&#8220; _builder_version=&#8220;4.20.0&#8243; _module_preset=&#8220;default&#8220; global_colors_info=&#8220;{}&#8220;][/et_pb_image][/et_pb_column][et_pb_column type=&#8220;1_2&#8243; _builder_version=&#8220;4.19.5&#8243; _module_preset=&#8220;default&#8220; global_colors_info=&#8220;{}&#8220;][et_pb_text module_id=&#8220;h3-info&#8220; _builder_version=&#8220;4.20.0&#8243; _module_preset=&#8220;default&#8220; text_text_color=&#8220;#EDD5B2&#8243; header_text_color=&#8220;#EDD5B2&#8243; header_3_text_color=&#8220;#EDD5B2&#8243; global_colors_info=&#8220;{}&#8220;]</p>
<h3>Trauung in der<br />
Kapelle &#8222;Maria Schnee&#8220;</h3>
<p>[/et_pb_text][et_pb_text module_id=&#8220;info-text&#8220; _builder_version=&#8220;4.20.2&#8243; _module_preset=&#8220;default&#8220; text_text_color=&#8220;#FFFFFF&#8220; text_orientation=&#8220;justified&#8220; global_colors_info=&#8220;{}&#8220;]</p>
<p>Die im Jahr 1874 von Seiner Exzellenz Friedrich Damian Reichsgraf von Ingelheim erbaute Kapelle „Maria Schnee“ wurde 2008 mit Hilfe privater Spender wie auch des Preisgelds der Unterfränkischen Kulturstiftung hervorragend restauriert.<br />Bis zu <strong>65 Personen</strong> können darin Platz nehmen. In Abstimmung mit dem örtlichen Pfarramt können sowohl <strong>katholische, wie auch ökumenische Trauungen</strong> vollzogen werden.</p>
<p>Für Brautpaar und Gäste sind bis zu <strong>zwei Gruppenführungen</strong> im Schloss inklusive.<br />Es hat sich bewährt, wenn das Brautpaar ungestört im Anschluss an die Trauung Fotos machen möchte, während die Gäste bei einer Schlossführung unterhalten werden.</p>
<p>[/et_pb_text][et_pb_text module_id=&#8220;info-text&#8220; _builder_version=&#8220;4.20.0&#8243; _module_preset=&#8220;default&#8220; text_text_color=&#8220;#FFFFFF&#8220; global_colors_info=&#8220;{}&#8220;][/et_pb_text][/et_pb_column][/et_pb_row][et_pb_row _builder_version=&#8220;4.20.0&#8243; _module_preset=&#8220;default&#8220; background_color=&#8220;#02432a&#8220; background_enable_image=&#8220;off&#8220; width=&#8220;90%&#8220; height=&#8220;100%&#8220; custom_margin=&#8220;25px||25px||false|false&#8220; custom_padding=&#8220;50px|50px|50px|50px|false|false&#8220; custom_css_main_element=&#8220;align-items:center;&#8220; border_color_all=&#8220;#FFFFFF&#8220; box_shadow_style=&#8220;preset1&#8243; global_colors_info=&#8220;{}&#8220;][et_pb_column type=&#8220;4_4&#8243; _builder_version=&#8220;4.19.5&#8243; _module_preset=&#8220;default&#8220; global_colors_info=&#8220;{}&#8220;][et_pb_text module_id=&#8220;h3-info&#8220; _builder_version=&#8220;4.20.0&#8243; _module_preset=&#8220;default&#8220; text_text_color=&#8220;#EDD5B2&#8243; header_text_color=&#8220;#EDD5B2&#8243; header_3_text_color=&#8220;#EDD5B2&#8243; global_colors_info=&#8220;{}&#8220;]</p>
<h3>Trauung im Schloss Mespelbrunn</h3>
<p>[/et_pb_text][et_pb_image src=&#8220;https://www.schloss-mespelbrunn.de/wp-content/uploads/2023/03/trauraum_out-scaled.jpg&#8220; title_text=&#8220;trauraum_out&#8220; _builder_version=&#8220;4.20.2&#8243; _module_preset=&#8220;default&#8220; custom_margin=&#8220;0px||0px||false|false&#8220; hover_enabled=&#8220;0&#8243; global_colors_info=&#8220;{}&#8220; sticky_enabled=&#8220;0&#8243;][/et_pb_image][et_pb_text _builder_version=&#8220;4.20.0&#8243; _module_preset=&#8220;default&#8220; text_text_color=&#8220;#707070&#8243; custom_margin=&#8220;0px||0px||false|false&#8220; custom_padding=&#8220;0px||0px||false|false&#8220; global_colors_info=&#8220;{}&#8220;]</p>
<p style="text-align: left;">Trauraum im Schloss Mespelbrunn</p>
<p>[/et_pb_text][et_pb_text module_id=&#8220;info-text&#8220; _builder_version=&#8220;4.20.2&#8243; _module_preset=&#8220;default&#8220; text_text_color=&#8220;#FFFFFF&#8220; header_3_text_color=&#8220;#EDD5B2&#8243; text_orientation=&#8220;justified&#8220; custom_margin=&#8220;20px||||false|false&#8220; global_colors_info=&#8220;{}&#8220;]</p>
<h3>Informationen</h3>
<p>Für das Brautpaar und seine Gäste ist eine <strong>Führung durch das Schloss</strong> vor oder im Anschluss an die Trauung inklusive. Im Schloss liegt die maximale Personenanzahl im Trauraum bei ca. <strong>25 Personen</strong>.<br />Sollte die Gesellschaft größer sein, ist es möglich eine zusätzliche Führung zu buchen.<br /><span>Gerne darf einer Ihrer Gäste für Sie auf dem Flügel spielen.</span><br />Auf dem Schlossgelände befindet sich das <strong>Café Pferdestall</strong>, wo Sie herzlich willkommen sind, einen <strong>Sektempfang</strong> abzuhalten.<br />Zu Ihrer Hochzeit sorgt Gräfin Ingelheim persönlich für den Blumenschmuck.</p>
<p>Wenn Sie noch ein paar Tage bei uns bleiben möchten, steht unser <strong>Mühlenhäuschen</strong> für Sie bereit.<br />Kachelofen, Einbauküche, kleine Terrasse und die romantische Lage direkt am Wasser werden Sie begeistern.</p>
<p>Wir freuen uns auf Ihren Besuch und über Ihr Interesse!</p>
<p>Gräflich Ingelheim-Echter´sche<br />Schlossverwaltung</p>
<p>[/et_pb_text][et_pb_text module_id=&#8220;info-text&#8220; _builder_version=&#8220;4.20.0&#8243; _module_preset=&#8220;default&#8220; text_text_color=&#8220;#FFFFFF&#8220; header_3_text_color=&#8220;#EDD5B2&#8243; header_4_text_color=&#8220;#EDD5B2&#8243; custom_margin=&#8220;20px||2px||false|false&#8220; global_colors_info=&#8220;{}&#8220;]</p>
<h4>Informationen als Download:</h4>
<p>[/et_pb_text][et_pb_button button_url=&#8220;/wp-content/uploads/2023/02/Trauung-im-Schloss-Mespelbrunn-1.pdf&#8220; button_text=&#8220;Download&#8220; button_alignment=&#8220;left&#8220; _builder_version=&#8220;4.20.0&#8243; _module_preset=&#8220;default&#8220; custom_button=&#8220;on&#8220; button_text_color=&#8220;#7c866b&#8220; button_border_color=&#8220;#f4e7d6&#8243; button_icon=&#8220;&#x3b;||divi||400&#8243; custom_margin=&#8220;||||false|false&#8220; custom_padding=&#8220;||||false|false&#8220; global_module=&#8220;2414&#8243; saved_tabs=&#8220;all&#8220; global_colors_info=&#8220;{}&#8220;][/et_pb_button][/et_pb_column][/et_pb_row][/et_pb_section]</p>

<p>TRAUUNG IM SCHLOSS MESPELBRUNNSie können sich sowohl standesamtlich imSchloss Mespelbrunn, als auch kirchlich inder privaten Basilika Maria Schnee nahe desSchlosses trauen lassen.Trauung in der Kapelle &#8222;Maria Schnee&#8220;Die im Jahr 1874 von Seiner Exzellenz Friedrich Damian Reichsgraf von Ingelheim erbaute Kapelle „Maria Schnee“ wurde 2008 mit Hilfe privater Spender wie auch des Preisgelds der Unterfränkischen Kulturstiftung [&hellip;]</p>
