{"id":2136,"date":"2023-02-14T19:26:25","date_gmt":"2023-02-14T18:26:25","guid":{"rendered":"http:\/\/dev.schlossmespelbrunn.de\/?page_id=2136"},"modified":"2023-04-13T17:09:38","modified_gmt":"2023-04-13T15:09:38","slug":"kultur","status":"publish","type":"page","link":"https:\/\/www.schloss-mespelbrunn.de\/en\/kultur\/","title":{"rendered":"Kultur braucht Freunde"},"content":{"rendered":"<p>[et_pb_section fb_built=&#8220;1&#8243; _builder_version=&#8220;4.19.5&#8243; _module_preset=&#8220;default&#8220; background_enable_color=&#8220;off&#8220; background_image=&#8220;https:\/\/www.schloss-mespelbrunn.de\/wp-content\/uploads\/2023\/02\/4165408157_89d6165ab3_k.jpg&#8220; custom_margin=&#8220;0px||0px||false|false&#8220; custom_padding=&#8220;0px||0px||false|false&#8220; global_colors_info=&#8220;{}&#8220;][et_pb_row _builder_version=&#8220;4.19.5&#8243; _module_preset=&#8220;default&#8220; background_color=&#8220;rgba(2,67,42,0.37)&#8220; width=&#8220;100%&#8220; max_width=&#8220;100%&#8220; custom_padding=&#8220;3%||3%||false|false&#8220; border_width_all=&#8220;13px&#8220; border_color_all=&#8220;#FFFFFF&#8220; global_colors_info=&#8220;{}&#8220;][et_pb_column type=&#8220;4_4&#8243; _builder_version=&#8220;4.19.2&#8243; _module_preset=&#8220;default&#8220; global_colors_info=&#8220;{}&#8220;][et_pb_text _builder_version=&#8220;4.19.2&#8243; _module_preset=&#8220;default&#8220; text_font=&#8220;Verdana||||||||&#8220; text_text_color=&#8220;#ffffff&#8220; header_font_size=&#8220;45px&#8220; text_orientation=&#8220;center&#8220; custom_padding=&#8220;20px||20px||false|false&#8220; custom_css_main_element=&#8220;font-size: calc(20pt + 2vw)&#8220; global_colors_info=&#8220;{}&#8220;]<\/p>\n<p><strong>KULTUR<\/strong><\/p>\n<p>[\/et_pb_text][et_pb_text _builder_version=&#8220;4.19.2&#8243; _module_preset=&#8220;default&#8220; text_font=&#8220;Verdana||||||||&#8220; text_text_color=&#8220;#c3b8af&#8220; header_font_size=&#8220;45px&#8220; text_orientation=&#8220;center&#8220; custom_padding=&#8220;20px||20px||false|false&#8220; custom_css_main_element=&#8220;font-size: calc(20pt + 2vw)&#8220; global_colors_info=&#8220;{}&#8220;]<\/p>\n<p><strong>BRAUCHT<\/strong><\/p>\n<p>[\/et_pb_text][et_pb_text _builder_version=&#8220;4.19.5&#8243; _module_preset=&#8220;default&#8220; text_font=&#8220;Verdana||||||||&#8220; text_text_color=&#8220;#b4e0f8&#8243; header_font_size=&#8220;45px&#8220; text_orientation=&#8220;center&#8220; custom_padding=&#8220;20px||20px||false|false&#8220; custom_css_main_element=&#8220;font-size: calc(20pt + 2vw)&#8220; global_colors_info=&#8220;{}&#8220;]<\/p>\n<p><strong>FREUNDE<\/strong><\/p>\n<p>[\/et_pb_text][et_pb_text module_id=&#8220;info-text&#8220; _builder_version=&#8220;4.19.5&#8243; _module_preset=&#8220;default&#8220; text_text_color=&#8220;#FFFFFF&#8220; header_2_text_color=&#8220;#FFFFFF&#8220; header_2_line_height=&#8220;1.6em&#8220; header_3_text_color=&#8220;#FFFFFF&#8220; module_alignment=&#8220;center&#8220; global_colors_info=&#8220;{}&#8220;]<\/p>\n<h2 style=\"text-align: center;\"><span><span style=\"color: #ffffff;\">Werden Sie<\/span> <strong>MITGLIED\u00a0<\/strong>beim F\u00f6rderverein<br \/><strong>SCHLOSS MESPELBRUNN e.V.<\/strong><\/span><\/h2>\n<p>[\/et_pb_text][\/et_pb_column][\/et_pb_row][\/et_pb_section][et_pb_section fb_built=&#8220;1&#8243; _builder_version=&#8220;4.19.5&#8243; _module_preset=&#8220;default&#8220; background_color=&#8220;#02432A&#8220; background_enable_image=&#8220;off&#8220; background_enable_pattern_style=&#8220;on&#8220; background_pattern_style=&#8220;scallops&#8220; background_pattern_color=&#8220;rgba(237,213,178,0.03)&#8220; custom_margin=&#8220;0px||0px||false|false&#8220; custom_padding=&#8220;50px||50px||false|false&#8220; global_colors_info=&#8220;{}&#8220;][et_pb_row column_structure=&#8220;1_2,1_2&#8243; make_equal=&#8220;on&#8220; _builder_version=&#8220;4.19.5&#8243; _module_preset=&#8220;default&#8220; background_color=&#8220;#02432A&#8220; width=&#8220;90%&#8220; custom_margin=&#8220;||||false|false&#8220; custom_padding=&#8220;|50px||50px|false|false&#8220; custom_css_main_element=&#8220;align-items:center;&#8220; box_shadow_style=&#8220;preset1&#8243; global_colors_info=&#8220;{}&#8220;][et_pb_column type=&#8220;1_2&#8243; _builder_version=&#8220;4.19.5&#8243; _module_preset=&#8220;default&#8220; global_colors_info=&#8220;{}&#8220;][et_pb_text module_id=&#8220;h3-info&#8220; _builder_version=&#8220;4.19.5&#8243; _module_preset=&#8220;default&#8220; text_text_color=&#8220;#EDD5B2&#8243; header_3_text_color=&#8220;#b4e0f8&#8243; global_colors_info=&#8220;{}&#8220;]<\/p>\n<h3>BEITRITTSERKL\u00c4RUNG<\/h3>\n<p>[\/et_pb_text][et_pb_text module_id=&#8220;info-text&#8220; _builder_version=&#8220;4.19.5&#8243; _module_preset=&#8220;default&#8220; text_text_color=&#8220;#FFFFFF&#8220; global_colors_info=&#8220;{}&#8220;]<\/p>\n<p>F\u00fcr die Mitgliedschaft im F\u00f6rderverein Schloss Mespelbrunn e.V.\u00a0<\/p>\n<p>[\/et_pb_text][\/et_pb_column][et_pb_column type=&#8220;1_2&#8243; _builder_version=&#8220;4.19.5&#8243; _module_preset=&#8220;default&#8220; global_colors_info=&#8220;{}&#8220;][et_pb_button button_url=&#8220;\/wp-content\/uploads\/2023\/03\/Flyer_schloss_Kultur.pdf&#8220; button_text=&#8220;Download&#8220; button_alignment=&#8220;center&#8220; _builder_version=&#8220;4.20.2&#8243; _module_preset=&#8220;default&#8220; custom_button=&#8220;on&#8220; button_text_size=&#8220;25px&#8220; button_text_color=&#8220;#EDD5B2&#8243; button_bg_color=&#8220;RGBA(255,255,255,0)&#8220; button_border_width=&#8220;2px&#8220; button_border_color=&#8220;#b4e0f8&#8243; button_font=&#8220;|700|||||||&#8220; button_icon=&#8220;&#x6d;||divi||400&#8243; custom_margin=&#8220;50px||50px||false|false&#8220; custom_padding=&#8220;||||false|false&#8220; global_colors_info=&#8220;{}&#8220; button_text_color__hover_enabled=&#8220;on|hover&#8220; button_text_color__hover=&#8220;#FFFFFF&#8220; button_border_color__hover_enabled=&#8220;on|desktop&#8220; button_border_color__hover=&#8220;#FFFFFF&#8220;][\/et_pb_button][\/et_pb_column][\/et_pb_row][et_pb_row column_structure=&#8220;1_2,1_2&#8243; make_equal=&#8220;on&#8220; _builder_version=&#8220;4.19.5&#8243; _module_preset=&#8220;default&#8220; width=&#8220;90%&#8220; global_colors_info=&#8220;{}&#8220;][et_pb_column type=&#8220;1_2&#8243; _builder_version=&#8220;4.19.5&#8243; _module_preset=&#8220;default&#8220; background_color=&#8220;#02432A&#8220; custom_padding=&#8220;25px|25px|25px|25px|false|false&#8220; box_shadow_style=&#8220;preset1&#8243; global_colors_info=&#8220;{}&#8220;][et_pb_text module_id=&#8220;h3-info&#8220; _builder_version=&#8220;4.19.5&#8243; _module_preset=&#8220;default&#8220; header_3_text_color=&#8220;#b4e0f8&#8243; global_colors_info=&#8220;{}&#8220;]<\/p>\n<h3>IHRE VORTEILE ALS MITGLIED<\/h3>\n<p>[\/et_pb_text][et_pb_text module_id=&#8220;info-text&#8220; _builder_version=&#8220;4.19.5&#8243; _module_preset=&#8220;default&#8220; text_text_color=&#8220;#FFFFFF&#8220; global_colors_info=&#8220;{}&#8220;]<\/p>\n<p><strong>FREIER ZUTRITT<\/strong> zum Schlossgel\u00e4nde und zum Caf\u00e9 Pferdestall<\/p>\n<p><strong>ERM\u00c4\u00dfIGTER EINTRITT<\/strong> f\u00fcr Schlossf\u00fchrungen<\/p>\n<p><strong>MEET AND GREET<\/strong> der F\u00f6rdermitglieder im Rahmen von Kulturveranstaltungen<\/p>\n<p><strong>VERG\u00dcNSTIGTE TICKETS<\/strong> f\u00fcr Kulturveranstaltungen am Schloss Mespelbrunn<\/p>\n<p>[\/et_pb_text][\/et_pb_column][et_pb_column type=&#8220;1_2&#8243; _builder_version=&#8220;4.19.5&#8243; _module_preset=&#8220;default&#8220; background_color=&#8220;#02432A&#8220; custom_padding=&#8220;25px|25px|25px|25px|false|false&#8220; box_shadow_style=&#8220;preset1&#8243; global_colors_info=&#8220;{}&#8220;][et_pb_text module_id=&#8220;h3-info&#8220; _builder_version=&#8220;4.19.5&#8243; _module_preset=&#8220;default&#8220; header_3_text_color=&#8220;#b4e0f8&#8243; global_colors_info=&#8220;{}&#8220;]<\/p>\n<h3>ZIELE DES F\u00d6RDERVEREINS<\/h3>\n<p>[\/et_pb_text][et_pb_text module_id=&#8220;info-text&#8220; _builder_version=&#8220;4.20.0&#8243; _module_preset=&#8220;default&#8220; text_text_color=&#8220;#FFFFFF&#8220; text_orientation=&#8220;justified&#8220; global_colors_info=&#8220;{}&#8220;]<\/p>\n<p><strong>F\u00d6RDERUNG <\/strong>von Kunst, Kultur, Brauchtum und <strong>DENKMALSCHUTZ <\/strong>in Zusammenhang mit dem Schloss Mespelbrunn und seinen Nebengeb\u00e4uden, seinem Park und der Kapelle Maria Schnee.<\/p>\n<p>Verbesserung der F\u00f6rderf\u00e4higkeit der geplanten Projekte (durch Status der Gemeinn\u00fctzigkeit).<\/p>\n<p>Die Organisation, Bewerbung und Durchf\u00fchrung von k\u00fcnstlerischen und wissenschaftlichen <strong>VERANSTALTUNGEN<\/strong> wie<br \/>Theater, Konzert oder Vortr\u00e4ge in und um das Schloss.<\/p>\n<p>[\/et_pb_text][\/et_pb_column][\/et_pb_row][et_pb_row column_structure=&#8220;1_2,1_2&#8243; make_equal=&#8220;on&#8220; _builder_version=&#8220;4.19.5&#8243; _module_preset=&#8220;default&#8220; width=&#8220;90%&#8220; global_colors_info=&#8220;{}&#8220;][et_pb_column type=&#8220;1_2&#8243; _builder_version=&#8220;4.19.5&#8243; _module_preset=&#8220;default&#8220; background_color=&#8220;#02432A&#8220; background_enable_image=&#8220;off&#8220; custom_padding=&#8220;25px|25px|25px|25px|false|false&#8220; box_shadow_style=&#8220;preset1&#8243; global_colors_info=&#8220;{}&#8220;][et_pb_text module_id=&#8220;h3-info&#8220; _builder_version=&#8220;4.19.5&#8243; _module_preset=&#8220;default&#8220; header_3_text_color=&#8220;#b4e0f8&#8243; global_colors_info=&#8220;{}&#8220;]<\/p>\n<h3>Kontakt<\/h3>\n<p>[\/et_pb_text][et_pb_text module_id=&#8220;info-text&#8220; _builder_version=&#8220;4.20.2&#8243; _module_preset=&#8220;default&#8220; text_text_color=&#8220;#FFFFFF&#8220; text_line_height=&#8220;1.4em&#8220; global_colors_info=&#8220;{}&#8220;]<\/p>\n<p>F\u00d6RDERVEREIN SCHLOSS MESPELBRUNN<br \/>J\u00e4gerstra\u00dfe 51<br \/>63875 Mespelbrunn<br \/><span><a href=\"mailto:fvschlossmespelbrunn@t-online.de\">fvschlossmespelbrunn@t-online.de<\/a><\/span><\/p>\n<p>[\/et_pb_text][\/et_pb_column][et_pb_column type=&#8220;1_2&#8243; _builder_version=&#8220;4.19.5&#8243; _module_preset=&#8220;default&#8220; background_color=&#8220;#02432A&#8220; background_enable_image=&#8220;off&#8220; custom_padding=&#8220;25px|25px|25px|25px|false|false&#8220; box_shadow_style=&#8220;preset1&#8243; global_colors_info=&#8220;{}&#8220;][et_pb_text module_id=&#8220;h3-info&#8220; _builder_version=&#8220;4.19.5&#8243; _module_preset=&#8220;default&#8220; header_3_text_color=&#8220;#b4e0f8&#8243; global_colors_info=&#8220;{}&#8220;]<\/p>\n<h3>Vorstand<\/h3>\n<p>[\/et_pb_text][et_pb_text module_id=&#8220;info-text&#8220; _builder_version=&#8220;4.20.2&#8243; _module_preset=&#8220;default&#8220; text_text_color=&#8220;#FFFFFF&#8220; global_colors_info=&#8220;{}&#8220;]Vorsitzende:<br \/>\nProf. Dr. Doris Heinrich,<\/p>\n<p>Dr. Alexander Legler,<br \/>\nGr\u00e4fin Marie Antoinette von Ingelheim,<br \/>\nRobert von W\u00fclfing,<br \/>\nRita Wanschura,<br \/>\nStephanie Fuchs,<br \/>\nAndreas Roth<\/p>\n<p><strong>Bankverbindung<\/strong><br \/>\nSparkasse Aschaffenburg-Alzenau<br \/>\nDE86 7955 0000 0012 7302 97[\/et_pb_text][\/et_pb_column][\/et_pb_row][\/et_pb_section]<\/p>\n","protected":false},"excerpt":{"rendered":"<p>KULTURBRAUCHTFREUNDEWerden Sie MITGLIED\u00a0beim F\u00f6rdervereinSCHLOSS MESPELBRUNN e.V.BEITRITTSERKL\u00c4RUNGF\u00fcr die Mitgliedschaft im F\u00f6rderverein Schloss Mespelbrunn e.V.\u00a0IHRE VORTEILE ALS MITGLIEDFREIER ZUTRITT zum Schlossgel\u00e4nde und zum Caf\u00e9 Pferdestall ERM\u00c4\u00dfIGTER EINTRITT f\u00fcr Schlossf\u00fchrungen MEET AND GREET der F\u00f6rdermitglieder im Rahmen von Kulturveranstaltungen VERG\u00dcNSTIGTE TICKETS f\u00fcr Kulturveranstaltungen am Schloss MespelbrunnZIELE DES F\u00d6RDERVEREINSF\u00d6RDERUNG von Kunst, Kultur, Brauchtum und DENKMALSCHUTZ in Zusammenhang mit dem [&hellip;]<\/p>\n","protected":false},"author":1,"featured_media":0,"parent":0,"menu_order":0,"comment_status":"closed","ping_status":"closed","template":"","meta":{"_et_pb_use_builder":"on","_et_pb_old_content":"","_et_gb_content_width":"","footnotes":""},"class_list":["post-2136","page","type-page","status-publish","hentry"],"_links":{"self":[{"href":"https:\/\/www.schloss-mespelbrunn.de\/en\/wp-json\/wp\/v2\/pages\/2136","targetHints":{"allow":["GET"]}}],"collection":[{"href":"https:\/\/www.schloss-mespelbrunn.de\/en\/wp-json\/wp\/v2\/pages"}],"about":[{"href":"https:\/\/www.schloss-mespelbrunn.de\/en\/wp-json\/wp\/v2\/types\/page"}],"author":[{"embeddable":true,"href":"https:\/\/www.schloss-mespelbrunn.de\/en\/wp-json\/wp\/v2\/users\/1"}],"replies":[{"embeddable":true,"href":"https:\/\/www.schloss-mespelbrunn.de\/en\/wp-json\/wp\/v2\/comments?post=2136"}],"version-history":[{"count":8,"href":"https:\/\/www.schloss-mespelbrunn.de\/en\/wp-json\/wp\/v2\/pages\/2136\/revisions"}],"predecessor-version":[{"id":3034,"href":"https:\/\/www.schloss-mespelbrunn.de\/en\/wp-json\/wp\/v2\/pages\/2136\/revisions\/3034"}],"wp:attachment":[{"href":"https:\/\/www.schloss-mespelbrunn.de\/en\/wp-json\/wp\/v2\/media?parent=2136"}],"curies":[{"name":"wp","href":"https:\/\/api.w.org\/{rel}","templated":true}]}}

<p>[et_pb_section fb_built=&#8220;1&#8243; _builder_version=&#8220;4.19.5&#8243; _module_preset=&#8220;default&#8220; background_enable_color=&#8220;off&#8220; background_image=&#8220;https://www.schloss-mespelbrunn.de/wp-content/uploads/2023/02/4165408157_89d6165ab3_k.jpg&#8220; custom_margin=&#8220;0px||0px||false|false&#8220; custom_padding=&#8220;0px||0px||false|false&#8220; global_colors_info=&#8220;{}&#8220;][et_pb_row _builder_version=&#8220;4.19.5&#8243; _module_preset=&#8220;default&#8220; background_color=&#8220;rgba(2,67,42,0.37)&#8220; width=&#8220;100%&#8220; max_width=&#8220;100%&#8220; custom_padding=&#8220;3%||3%||false|false&#8220; border_width_all=&#8220;13px&#8220; border_color_all=&#8220;#FFFFFF&#8220; global_colors_info=&#8220;{}&#8220;][et_pb_column type=&#8220;4_4&#8243; _builder_version=&#8220;4.19.2&#8243; _module_preset=&#8220;default&#8220; global_colors_info=&#8220;{}&#8220;][et_pb_text _builder_version=&#8220;4.19.2&#8243; _module_preset=&#8220;default&#8220; text_font=&#8220;Verdana||||||||&#8220; text_text_color=&#8220;#ffffff&#8220; header_font_size=&#8220;45px&#8220; text_orientation=&#8220;center&#8220; custom_padding=&#8220;20px||20px||false|false&#8220; custom_css_main_element=&#8220;font-size: calc(20pt + 2vw)&#8220; global_colors_info=&#8220;{}&#8220;]</p>
<p><strong>KULTUR</strong></p>
<p>[/et_pb_text][et_pb_text _builder_version=&#8220;4.19.2&#8243; _module_preset=&#8220;default&#8220; text_font=&#8220;Verdana||||||||&#8220; text_text_color=&#8220;#c3b8af&#8220; header_font_size=&#8220;45px&#8220; text_orientation=&#8220;center&#8220; custom_padding=&#8220;20px||20px||false|false&#8220; custom_css_main_element=&#8220;font-size: calc(20pt + 2vw)&#8220; global_colors_info=&#8220;{}&#8220;]</p>
<p><strong>BRAUCHT</strong></p>
<p>[/et_pb_text][et_pb_text _builder_version=&#8220;4.19.5&#8243; _module_preset=&#8220;default&#8220; text_font=&#8220;Verdana||||||||&#8220; text_text_color=&#8220;#b4e0f8&#8243; header_font_size=&#8220;45px&#8220; text_orientation=&#8220;center&#8220; custom_padding=&#8220;20px||20px||false|false&#8220; custom_css_main_element=&#8220;font-size: calc(20pt + 2vw)&#8220; global_colors_info=&#8220;{}&#8220;]</p>
<p><strong>FREUNDE</strong></p>
<p>[/et_pb_text][et_pb_text module_id=&#8220;info-text&#8220; _builder_version=&#8220;4.19.5&#8243; _module_preset=&#8220;default&#8220; text_text_color=&#8220;#FFFFFF&#8220; header_2_text_color=&#8220;#FFFFFF&#8220; header_2_line_height=&#8220;1.6em&#8220; header_3_text_color=&#8220;#FFFFFF&#8220; module_alignment=&#8220;center&#8220; global_colors_info=&#8220;{}&#8220;]</p>
<h2 style="text-align: center;"><span><span style="color: #ffffff;">Werden Sie</span> <strong>MITGLIED </strong>beim Förderverein<br /><strong>SCHLOSS MESPELBRUNN e.V.</strong></span></h2>
<p>[/et_pb_text][/et_pb_column][/et_pb_row][/et_pb_section][et_pb_section fb_built=&#8220;1&#8243; _builder_version=&#8220;4.19.5&#8243; _module_preset=&#8220;default&#8220; background_color=&#8220;#02432A&#8220; background_enable_image=&#8220;off&#8220; background_enable_pattern_style=&#8220;on&#8220; background_pattern_style=&#8220;scallops&#8220; background_pattern_color=&#8220;rgba(237,213,178,0.03)&#8220; custom_margin=&#8220;0px||0px||false|false&#8220; custom_padding=&#8220;50px||50px||false|false&#8220; global_colors_info=&#8220;{}&#8220;][et_pb_row column_structure=&#8220;1_2,1_2&#8243; make_equal=&#8220;on&#8220; _builder_version=&#8220;4.19.5&#8243; _module_preset=&#8220;default&#8220; background_color=&#8220;#02432A&#8220; width=&#8220;90%&#8220; custom_margin=&#8220;||||false|false&#8220; custom_padding=&#8220;|50px||50px|false|false&#8220; custom_css_main_element=&#8220;align-items:center;&#8220; box_shadow_style=&#8220;preset1&#8243; global_colors_info=&#8220;{}&#8220;][et_pb_column type=&#8220;1_2&#8243; _builder_version=&#8220;4.19.5&#8243; _module_preset=&#8220;default&#8220; global_colors_info=&#8220;{}&#8220;][et_pb_text module_id=&#8220;h3-info&#8220; _builder_version=&#8220;4.19.5&#8243; _module_preset=&#8220;default&#8220; text_text_color=&#8220;#EDD5B2&#8243; header_3_text_color=&#8220;#b4e0f8&#8243; global_colors_info=&#8220;{}&#8220;]</p>
<h3>BEITRITTSERKLÄRUNG</h3>
<p>[/et_pb_text][et_pb_text module_id=&#8220;info-text&#8220; _builder_version=&#8220;4.19.5&#8243; _module_preset=&#8220;default&#8220; text_text_color=&#8220;#FFFFFF&#8220; global_colors_info=&#8220;{}&#8220;]</p>
<p>Für die Mitgliedschaft im Förderverein Schloss Mespelbrunn e.V. </p>
<p>[/et_pb_text][/et_pb_column][et_pb_column type=&#8220;1_2&#8243; _builder_version=&#8220;4.19.5&#8243; _module_preset=&#8220;default&#8220; global_colors_info=&#8220;{}&#8220;][et_pb_button button_url=&#8220;/wp-content/uploads/2023/03/Flyer_schloss_Kultur.pdf&#8220; button_text=&#8220;Download&#8220; button_alignment=&#8220;center&#8220; _builder_version=&#8220;4.20.2&#8243; _module_preset=&#8220;default&#8220; custom_button=&#8220;on&#8220; button_text_size=&#8220;25px&#8220; button_text_color=&#8220;#EDD5B2&#8243; button_bg_color=&#8220;RGBA(255,255,255,0)&#8220; button_border_width=&#8220;2px&#8220; button_border_color=&#8220;#b4e0f8&#8243; button_font=&#8220;|700|||||||&#8220; button_icon=&#8220;&#x6d;||divi||400&#8243; custom_margin=&#8220;50px||50px||false|false&#8220; custom_padding=&#8220;||||false|false&#8220; global_colors_info=&#8220;{}&#8220; button_text_color__hover_enabled=&#8220;on|hover&#8220; button_text_color__hover=&#8220;#FFFFFF&#8220; button_border_color__hover_enabled=&#8220;on|desktop&#8220; button_border_color__hover=&#8220;#FFFFFF&#8220;][/et_pb_button][/et_pb_column][/et_pb_row][et_pb_row column_structure=&#8220;1_2,1_2&#8243; make_equal=&#8220;on&#8220; _builder_version=&#8220;4.19.5&#8243; _module_preset=&#8220;default&#8220; width=&#8220;90%&#8220; global_colors_info=&#8220;{}&#8220;][et_pb_column type=&#8220;1_2&#8243; _builder_version=&#8220;4.19.5&#8243; _module_preset=&#8220;default&#8220; background_color=&#8220;#02432A&#8220; custom_padding=&#8220;25px|25px|25px|25px|false|false&#8220; box_shadow_style=&#8220;preset1&#8243; global_colors_info=&#8220;{}&#8220;][et_pb_text module_id=&#8220;h3-info&#8220; _builder_version=&#8220;4.19.5&#8243; _module_preset=&#8220;default&#8220; header_3_text_color=&#8220;#b4e0f8&#8243; global_colors_info=&#8220;{}&#8220;]</p>
<h3>IHRE VORTEILE ALS MITGLIED</h3>
<p>[/et_pb_text][et_pb_text module_id=&#8220;info-text&#8220; _builder_version=&#8220;4.19.5&#8243; _module_preset=&#8220;default&#8220; text_text_color=&#8220;#FFFFFF&#8220; global_colors_info=&#8220;{}&#8220;]</p>
<p><strong>FREIER ZUTRITT</strong> zum Schlossgelände und zum Café Pferdestall</p>
<p><strong>ERMÄßIGTER EINTRITT</strong> für Schlossführungen</p>
<p><strong>MEET AND GREET</strong> der Fördermitglieder im Rahmen von Kulturveranstaltungen</p>
<p><strong>VERGÜNSTIGTE TICKETS</strong> für Kulturveranstaltungen am Schloss Mespelbrunn</p>
<p>[/et_pb_text][/et_pb_column][et_pb_column type=&#8220;1_2&#8243; _builder_version=&#8220;4.19.5&#8243; _module_preset=&#8220;default&#8220; background_color=&#8220;#02432A&#8220; custom_padding=&#8220;25px|25px|25px|25px|false|false&#8220; box_shadow_style=&#8220;preset1&#8243; global_colors_info=&#8220;{}&#8220;][et_pb_text module_id=&#8220;h3-info&#8220; _builder_version=&#8220;4.19.5&#8243; _module_preset=&#8220;default&#8220; header_3_text_color=&#8220;#b4e0f8&#8243; global_colors_info=&#8220;{}&#8220;]</p>
<h3>ZIELE DES FÖRDERVEREINS</h3>
<p>[/et_pb_text][et_pb_text module_id=&#8220;info-text&#8220; _builder_version=&#8220;4.20.0&#8243; _module_preset=&#8220;default&#8220; text_text_color=&#8220;#FFFFFF&#8220; text_orientation=&#8220;justified&#8220; global_colors_info=&#8220;{}&#8220;]</p>
<p><strong>FÖRDERUNG </strong>von Kunst, Kultur, Brauchtum und <strong>DENKMALSCHUTZ </strong>in Zusammenhang mit dem Schloss Mespelbrunn und seinen Nebengebäuden, seinem Park und der Kapelle Maria Schnee.</p>
<p>Verbesserung der Förderfähigkeit der geplanten Projekte (durch Status der Gemeinnützigkeit).</p>
<p>Die Organisation, Bewerbung und Durchführung von künstlerischen und wissenschaftlichen <strong>VERANSTALTUNGEN</strong> wie<br />Theater, Konzert oder Vorträge in und um das Schloss.</p>
<p>[/et_pb_text][/et_pb_column][/et_pb_row][et_pb_row column_structure=&#8220;1_2,1_2&#8243; make_equal=&#8220;on&#8220; _builder_version=&#8220;4.19.5&#8243; _module_preset=&#8220;default&#8220; width=&#8220;90%&#8220; global_colors_info=&#8220;{}&#8220;][et_pb_column type=&#8220;1_2&#8243; _builder_version=&#8220;4.19.5&#8243; _module_preset=&#8220;default&#8220; background_color=&#8220;#02432A&#8220; background_enable_image=&#8220;off&#8220; custom_padding=&#8220;25px|25px|25px|25px|false|false&#8220; box_shadow_style=&#8220;preset1&#8243; global_colors_info=&#8220;{}&#8220;][et_pb_text module_id=&#8220;h3-info&#8220; _builder_version=&#8220;4.19.5&#8243; _module_preset=&#8220;default&#8220; header_3_text_color=&#8220;#b4e0f8&#8243; global_colors_info=&#8220;{}&#8220;]</p>
<h3>Kontakt</h3>
<p>[/et_pb_text][et_pb_text module_id=&#8220;info-text&#8220; _builder_version=&#8220;4.20.2&#8243; _module_preset=&#8220;default&#8220; text_text_color=&#8220;#FFFFFF&#8220; text_line_height=&#8220;1.4em&#8220; global_colors_info=&#8220;{}&#8220;]</p>
<p>FÖRDERVEREIN SCHLOSS MESPELBRUNN<br />Jägerstraße 51<br />63875 Mespelbrunn<br /><span><a href="mailto:fvschlossmespelbrunn@t-online.de">fvschlossmespelbrunn@t-online.de</a></span></p>
<p>[/et_pb_text][/et_pb_column][et_pb_column type=&#8220;1_2&#8243; _builder_version=&#8220;4.19.5&#8243; _module_preset=&#8220;default&#8220; background_color=&#8220;#02432A&#8220; background_enable_image=&#8220;off&#8220; custom_padding=&#8220;25px|25px|25px|25px|false|false&#8220; box_shadow_style=&#8220;preset1&#8243; global_colors_info=&#8220;{}&#8220;][et_pb_text module_id=&#8220;h3-info&#8220; _builder_version=&#8220;4.19.5&#8243; _module_preset=&#8220;default&#8220; header_3_text_color=&#8220;#b4e0f8&#8243; global_colors_info=&#8220;{}&#8220;]</p>
<h3>Vorstand</h3>
<p>[/et_pb_text][et_pb_text module_id=&#8220;info-text&#8220; _builder_version=&#8220;4.20.2&#8243; _module_preset=&#8220;default&#8220; text_text_color=&#8220;#FFFFFF&#8220; global_colors_info=&#8220;{}&#8220;]Vorsitzende:<br />
Prof. Dr. Doris Heinrich,</p>
<p>Dr. Alexander Legler,<br />
Gräfin Marie Antoinette von Ingelheim,<br />
Robert von Wülfing,<br />
Rita Wanschura,<br />
Stephanie Fuchs,<br />
Andreas Roth</p>
<p><strong>Bankverbindung</strong><br />
Sparkasse Aschaffenburg-Alzenau<br />
DE86 7955 0000 0012 7302 97[/et_pb_text][/et_pb_column][/et_pb_row][/et_pb_section]</p>

<p>KULTURBRAUCHTFREUNDEWerden Sie MITGLIED beim FördervereinSCHLOSS MESPELBRUNN e.V.BEITRITTSERKLÄRUNGFür die Mitgliedschaft im Förderverein Schloss Mespelbrunn e.V. IHRE VORTEILE ALS MITGLIEDFREIER ZUTRITT zum Schlossgelände und zum Café Pferdestall ERMÄßIGTER EINTRITT für Schlossführungen MEET AND GREET der Fördermitglieder im Rahmen von Kulturveranstaltungen VERGÜNSTIGTE TICKETS für Kulturveranstaltungen am Schloss MespelbrunnZIELE DES FÖRDERVEREINSFÖRDERUNG von Kunst, Kultur, Brauchtum und DENKMALSCHUTZ in Zusammenhang mit dem [&hellip;]</p>
